{"id":70,"date":"2024-01-19T19:51:56","date_gmt":"2024-01-19T17:51:56","guid":{"rendered":"https:\/\/meidanmattila.fi\/?page_id=70"},"modified":"2024-01-19T20:26:41","modified_gmt":"2024-01-19T18:26:41","slug":"mattilan-alueen-asukasyhdistys-ryn-saannot","status":"publish","type":"page","link":"https:\/\/meidanmattila.fi\/index.php\/mattilan-alueen-asukasyhdistys-ryn-saannot\/","title":{"rendered":"S\u00c4\u00c4NN\u00d6T"},"content":{"rendered":"\n<div class=\"wp-block-columns alignwide is-layout-flex wp-container-core-columns-is-layout-28f84493 wp-block-columns-is-layout-flex\">\n<div class=\"wp-block-column is-layout-flow wp-block-column-is-layout-flow\">\n<h2 class=\"wp-block-heading has-text-align-right\">1\u00a7<\/h2>\n<\/div>\n\n\n\n<div class=\"wp-block-column is-layout-flow wp-block-column-is-layout-flow\">\n<p>Yhdistyksen nimi on MATTILAN ALUEEN ASUKASYHDISTYS ja sen kotipaikka on Tuusulan kunta ja toiminta-alue on Mattilan alue.<\/p>\n<\/div>\n<\/div>\n\n\n\n<div class=\"wp-block-group is-nowrap is-layout-flex wp-container-core-group-is-layout-6c531013 wp-block-group-is-layout-flex\"><\/div>\n\n\n\n<div class=\"wp-block-columns alignwide is-layout-flex wp-container-core-columns-is-layout-28f84493 wp-block-columns-is-layout-flex\">\n<div class=\"wp-block-column is-layout-flow wp-block-column-is-layout-flow\">\n<h2 class=\"wp-block-heading has-text-align-right\">2\u00a7<\/h2>\n<\/div>\n\n\n\n<div class=\"wp-block-column is-layout-flow wp-block-column-is-layout-flow\">\n<p>Yhdistyksen tarkoituksena on toimia Mattilan alueen etujen ja kehityksen ajajana sek\u00e4 pyrki\u00e4 lis\u00e4\u00e4m\u00e4\u00e4n asukkaiden keskin\u00e4ist\u00e4 kanssak\u00e4ymist\u00e4 ja virkist\u00e4ytymist\u00e4 j\u00e4rjest\u00e4m\u00e4ll\u00e4 yhteisi\u00e4 kokouksia, tiedotus- ja valistustilaisuuksia, talkoita, juhlia ja retki\u00e4.<br><br>Toimintansa tukemiseksi yhdistys voi:<br>&#8211; kantaa j\u00e4senmaksuja<br>&#8211; harjoittaa julkaisutoimintaa<br>&#8211; toimeenpanna asianomaisen luvan saatuaan arpajaisia ja ker\u00e4yksi\u00e4<br>&#8211; vastaanottaa lahjoituksia ja avustuksia<\/p>\n<\/div>\n<\/div>\n\n\n\n<div class=\"wp-block-group is-nowrap is-layout-flex wp-container-core-group-is-layout-6c531013 wp-block-group-is-layout-flex\"><\/div>\n\n\n\n<div class=\"wp-block-columns alignwide is-layout-flex wp-container-core-columns-is-layout-28f84493 wp-block-columns-is-layout-flex\">\n<div class=\"wp-block-column is-layout-flow wp-block-column-is-layout-flow\">\n<h2 class=\"wp-block-heading has-text-align-right\">3\u00a7<\/h2>\n<\/div>\n\n\n\n<div class=\"wp-block-column is-layout-flow wp-block-column-is-layout-flow\">\n<p>Yhdistyksen j\u00e4seneksi voi liitty\u00e4 Mattilan alueella tai sen l\u00e4hist\u00f6ll\u00e4 asuva tai alueelta asunnon tai kiinteist\u00f6nomistava henkil\u00f6. Saavutetut j\u00e4senoikeudet s\u00e4ilyv\u00e4t.<br><br>Hallitus hyv\u00e4ksyy ja erottaa j\u00e4senet.<br>J\u00e4senilt\u00e4 peritt\u00e4v\u00e4n j\u00e4senmaksun suuruudesta p\u00e4\u00e4tt\u00e4\u00e4 syyskokous.<\/p>\n<\/div>\n<\/div>\n\n\n\n<div class=\"wp-block-group is-nowrap is-layout-flex wp-container-core-group-is-layout-6c531013 wp-block-group-is-layout-flex\"><\/div>\n\n\n\n<div class=\"wp-block-columns alignwide is-layout-flex wp-container-core-columns-is-layout-28f84493 wp-block-columns-is-layout-flex\">\n<div class=\"wp-block-column is-layout-flow wp-block-column-is-layout-flow\">\n<h2 class=\"wp-block-heading has-text-align-right\">4\u00a7<\/h2>\n<\/div>\n\n\n\n<div class=\"wp-block-column is-layout-flow wp-block-column-is-layout-flow\">\n<p>Yhdistyksen asioita hoitaa hallitus, johon kuuluu syyskokouksen vuosittain valitsema puheenjohtaja ja seitsem\u00e4n kahdeksi vuodeksi valittua varsinaista j\u00e4sent\u00e4. Varsinaisista j\u00e4senist\u00e4 on puolet kerrallaan erovuorossa.<br><br>Hallitus valitsee keskuudestaan varapuheenjohtajan, sihteerin, varasihteerin ja rahastonhoitajan sek\u00e4 mahdolliset muut toimihenkil\u00f6t. Hallituksen toimikausi alkaa vaalin j\u00e4lkeisen kalenterivuoden alusta.<\/p>\n<\/div>\n<\/div>\n\n\n\n<div class=\"wp-block-group is-nowrap is-layout-flex wp-container-core-group-is-layout-6c531013 wp-block-group-is-layout-flex\"><\/div>\n\n\n\n<div class=\"wp-block-columns alignwide is-layout-flex wp-container-core-columns-is-layout-28f84493 wp-block-columns-is-layout-flex\">\n<div class=\"wp-block-column is-layout-flow wp-block-column-is-layout-flow\">\n<h2 class=\"wp-block-heading has-text-align-right\">5\u00a7<\/h2>\n<\/div>\n\n\n\n<div class=\"wp-block-column is-layout-flow wp-block-column-is-layout-flow\">\n<p>Hallitus kokoontuu puheenjohtajan kutsusta tai kun puolet hallituksen j\u00e4senist\u00e4 niin vaatii. kokouskutsuna k\u00e4ytet\u00e4\u00e4n puhelinta, kirjett\u00e4 tai muuta sovittua tapaa. Kokouskutsu on ilmoitettava v\u00e4hint\u00e4\u00e4n kolme vuorokautta ennen kokousta.<br><br>Hallitus on p\u00e4\u00e4t\u00f6svaltainen, kun puheenjohtaja tai varapuheenjohtaja sek\u00e4 kolme j\u00e4senist\u00e4 on paikalla.<br><br>Hallituksessa tehd\u00e4\u00e4n p\u00e4\u00e4t\u00f6kset yksinkertaisella enemmist\u00f6ll\u00e4. \u00c4\u00e4nten menness\u00e4 tasan puheenjohtajan \u00e4\u00e4ni ratkaisee paitsi vaaleissa arpa.<\/p>\n<\/div>\n<\/div>\n\n\n\n<div class=\"wp-block-group is-nowrap is-layout-flex wp-container-core-group-is-layout-6c531013 wp-block-group-is-layout-flex\"><\/div>\n\n\n\n<div class=\"wp-block-columns alignwide is-layout-flex wp-container-core-columns-is-layout-28f84493 wp-block-columns-is-layout-flex\">\n<div class=\"wp-block-column is-layout-flow wp-block-column-is-layout-flow\">\n<h2 class=\"wp-block-heading has-text-align-right\">6\u00a7<\/h2>\n<\/div>\n\n\n\n<div class=\"wp-block-column is-layout-flow wp-block-column-is-layout-flow\">\n<p>Hallituksen teht\u00e4v\u00e4n\u00e4 on erityisesti:<br>&#8211; yhdistyksen tarkoituksen toteuttaminen<br>&#8211; huolehtia yhdistyksen raha-asioiden hoidosta<br>&#8211; p\u00e4\u00e4tt\u00e4\u00e4 yhdistyksen kokousten koollekutsumisesta<br>&#8211; valmistella vuosikokouksissa k\u00e4sitelt\u00e4v\u00e4t asiat<\/p>\n<\/div>\n<\/div>\n\n\n\n<div class=\"wp-block-group is-nowrap is-layout-flex wp-container-core-group-is-layout-6c531013 wp-block-group-is-layout-flex\"><\/div>\n\n\n\n<div class=\"wp-block-columns alignwide is-layout-flex wp-container-core-columns-is-layout-28f84493 wp-block-columns-is-layout-flex\">\n<div class=\"wp-block-column is-layout-flow wp-block-column-is-layout-flow\">\n<h2 class=\"wp-block-heading has-text-align-right\">7\u00a7<\/h2>\n<\/div>\n\n\n\n<div class=\"wp-block-column is-layout-flow wp-block-column-is-layout-flow\">\n<p>Hallituksella ei ole oikeutta ottaa velkaa yhdistyksen nimiin muussa kuin siin\u00e4 tapauksessa, ett\u00e4 yhdistyksen kokous on sen nimenomaan siihen valtuuttanut.<\/p>\n<\/div>\n<\/div>\n\n\n\n<div class=\"wp-block-group is-nowrap is-layout-flex wp-container-core-group-is-layout-6c531013 wp-block-group-is-layout-flex\"><\/div>\n\n\n\n<div class=\"wp-block-columns alignwide is-layout-flex wp-container-core-columns-is-layout-28f84493 wp-block-columns-is-layout-flex\">\n<div class=\"wp-block-column is-layout-flow wp-block-column-is-layout-flow\">\n<h2 class=\"wp-block-heading has-text-align-right\">8\u00a7<\/h2>\n<\/div>\n\n\n\n<div class=\"wp-block-column is-layout-flow wp-block-column-is-layout-flow\">\n<p>Yhdistyksen nimen kirjoittavat puheenjohtaja ja varapuheenjohtaja yhdess\u00e4 tai jompikumpi sihteerin tai rahastonhoitajan kanssa sek\u00e4 hallituksen oikeuttama henkil\u00f6.<\/p>\n<\/div>\n<\/div>\n\n\n\n<div class=\"wp-block-group is-nowrap is-layout-flex wp-container-core-group-is-layout-6c531013 wp-block-group-is-layout-flex\"><\/div>\n\n\n\n<div class=\"wp-block-columns alignwide is-layout-flex wp-container-core-columns-is-layout-28f84493 wp-block-columns-is-layout-flex\">\n<div class=\"wp-block-column is-layout-flow wp-block-column-is-layout-flow\">\n<h2 class=\"wp-block-heading has-text-align-right\">9\u00a7<\/h2>\n<\/div>\n\n\n\n<div class=\"wp-block-column is-layout-flow wp-block-column-is-layout-flow\">\n<p>Yhdistyksen tili- ja toimintakausi on 1.1.\u201331.12. Tilit annetaan toiminnantarkastajalle viimeist\u00e4\u00e4n kaksi viikkoa ennen vuosikokousta.<br><br>Toiminnantarkastajan tulee antaa hallitukselle lausuntonsa viikon kuluessa tilien vastaanottamisesta.<\/p>\n<\/div>\n<\/div>\n\n\n\n<div class=\"wp-block-group is-nowrap is-layout-flex wp-container-core-group-is-layout-6c531013 wp-block-group-is-layout-flex\"><\/div>\n\n\n\n<div class=\"wp-block-columns alignwide is-layout-flex wp-container-core-columns-is-layout-28f84493 wp-block-columns-is-layout-flex\">\n<div class=\"wp-block-column is-layout-flow wp-block-column-is-layout-flow\">\n<h2 class=\"wp-block-heading has-text-align-right\">10\u00a7I<\/h2>\n<\/div>\n\n\n\n<div class=\"wp-block-column is-layout-flow wp-block-column-is-layout-flow\">\n<p>Yhdistyksen vuosikokous pidet\u00e4\u00e4n maaliskuun loppuun menness\u00e4 ja siin\u00e4 k\u00e4sitell\u00e4\u00e4n<br>seuraavat asiat:<br>&#8211; esitet\u00e4\u00e4n hallituksen toimintakertomus edellisen vuoden toiminnasta<br>&#8211; esitet\u00e4\u00e4n edellisen vuoden tilit ja toiminnantarkastajan lausunto<br>&#8211; p\u00e4\u00e4tet\u00e4\u00e4n tilinp\u00e4\u00e4t\u00f6ksen vahvistamisesta ja vastuuvapauden my\u00f6nt\u00e4misest\u00e4 hallitukselle ja<br>\u00a0 muille tilivelvollisille<br>&#8211; annetaan ev\u00e4styksi\u00e4 edustus- ja luottamusteht\u00e4viin valituille henkil\u00f6ille<br>&#8211; k\u00e4sitell\u00e4\u00e4n muut kokouskutsussa esille tulevaksi ilmoitetut asiat, jotka ovat v\u00e4hint\u00e4\u00e4n 14 p\u00e4iv\u00e4\u00e4<br>\u00a0 ennen vuosikokousta esitetty hallitukselle sek\u00e4 hallituksen esitt\u00e4m\u00e4t muut asiat<\/p>\n<\/div>\n<\/div>\n\n\n\n<div class=\"wp-block-group is-nowrap is-layout-flex wp-container-core-group-is-layout-6c531013 wp-block-group-is-layout-flex\"><\/div>\n\n\n\n<div class=\"wp-block-columns alignwide is-layout-flex wp-container-core-columns-is-layout-28f84493 wp-block-columns-is-layout-flex\">\n<div class=\"wp-block-column is-layout-flow wp-block-column-is-layout-flow\">\n<h2 class=\"wp-block-heading has-text-align-right\">10\u00a7II<\/h2>\n<\/div>\n\n\n\n<div class=\"wp-block-column is-layout-flow wp-block-column-is-layout-flow\">\n<p>Yhdistyksen syyskokous pidet\u00e4\u00e4n vuosittain loka-marraskuussa ja siin\u00e4 k\u00e4sitell\u00e4\u00e4n seuraavat asiat:<br>&#8211; vahvistetaan j\u00e4senmaksu seuraavaksi kalenterivuodeksi<br>&#8211; p\u00e4\u00e4tet\u00e4\u00e4n mahdollisista hallituksen ja toiminnantarkastajan palkkioista<br>&#8211; vahvistetaan toimintasuunnitelma seuraavaksi kalenterivuodeksi<br>&#8211; vahvistetaan tulo- ja menoarvio seuraavaksi kalenterivuodeksi<br>&#8211; valitaan seuraavaksi kalenterivuodeksi hallituksen puheenjohtaja, jota voidaan kutsua yhdistyksen<br>\u00a0 puheenjohtajaksi<br>&#8211; valitaan hallituksen varsinaiset j\u00e4senet erovuoroisten tilalle<br>&#8211; valitaan toiminnantarkastaja ja varatoiminnantarkastaja tarkastamaan seuraavan kalenterivuoden toimintaa<br>&#8211; asetetaan tarpeelliseksi katsotut toimikunnat seuraavaksi kalenterivuodeksi<br>&#8211; annetaan ev\u00e4styksi\u00e4 edustus- ja luottamusteht\u00e4viin valituille henkil\u00f6ille<br>&#8211; m\u00e4\u00e4r\u00e4t\u00e4\u00e4n, miten kokouskutsut on julkaistava<br>&#8211; k\u00e4sitell\u00e4\u00e4n muut kokouskutsussa esille tulevaksi ilmoitetut asiat, jotka ovat v\u00e4hint\u00e4\u00e4n 14 p\u00e4iv\u00e4\u00e4<br>\u00a0 ennen syyskokousta esitetty hallitukselle sek\u00e4 hallituksen esitt\u00e4m\u00e4t muut asiat<\/p>\n<\/div>\n<\/div>\n\n\n\n<div class=\"wp-block-group is-nowrap is-layout-flex wp-container-core-group-is-layout-6c531013 wp-block-group-is-layout-flex\"><\/div>\n\n\n\n<div class=\"wp-block-columns alignwide is-layout-flex wp-container-core-columns-is-layout-28f84493 wp-block-columns-is-layout-flex\">\n<div class=\"wp-block-column is-layout-flow wp-block-column-is-layout-flow\">\n<h2 class=\"wp-block-heading has-text-align-right\">11\u00a7<\/h2>\n<\/div>\n\n\n\n<div class=\"wp-block-column is-layout-flow wp-block-column-is-layout-flow\">\n<p>Yhdistyksen kokoukset kutsutaan koolle v\u00e4hint\u00e4\u00e4n seitsem\u00e4n p\u00e4iv\u00e4\u00e4 ennen kokousta kirjallisella kutsulla tai ilmoituksella paikallislehdess\u00e4.<br><br>Ylim\u00e4\u00e4r\u00e4inen kokous pidet\u00e4\u00e4n, kun hallitus katsoo siihen olevan aihetta tai kun v\u00e4hint\u00e4\u00e4n 1\/10 \u00e4\u00e4nioikeutetuista j\u00e4senist\u00e4 sit\u00e4 hallitukselta erityisesti vaatii ilmoitettua asiaa varten. Kokous on pidett\u00e4v\u00e4 30 p\u00e4iv\u00e4n kuluessa vaatimuksen esitt\u00e4misest\u00e4.<\/p>\n<\/div>\n<\/div>\n\n\n\n<div class=\"wp-block-group is-nowrap is-layout-flex wp-container-core-group-is-layout-6c531013 wp-block-group-is-layout-flex\"><\/div>\n\n\n\n<div class=\"wp-block-columns alignwide is-layout-flex wp-container-core-columns-is-layout-28f84493 wp-block-columns-is-layout-flex\">\n<div class=\"wp-block-column is-layout-flow wp-block-column-is-layout-flow\">\n<h2 class=\"wp-block-heading has-text-align-right\">12\u00a7<\/h2>\n<\/div>\n\n\n\n<div class=\"wp-block-column is-layout-flow wp-block-column-is-layout-flow\">\n<p>Yhdistyksen kokouksessa on jokaisella j\u00e4senell\u00e4 yksi \u00e4\u00e4ni. P\u00e4\u00e4t\u00f6kset tehd\u00e4\u00e4n, ellei n\u00e4iss\u00e4 s\u00e4\u00e4nn\u00f6iss\u00e4 toisin m\u00e4\u00e4r\u00e4t\u00e4, yksinkertaisella \u00e4\u00e4nten enemmist\u00f6ll\u00e4. \u00c4\u00e4nten menness\u00e4 tasan ratkaistaan vaali arvalla, mutta muissa asioissa tulee p\u00e4\u00e4t\u00f6kseksi kokouksen puheenjohtajan kanta.<\/p>\n<\/div>\n<\/div>\n","protected":false},"excerpt":{"rendered":"<p>1\u00a7 Yhdistyksen nimi on MATTILAN ALUEEN ASUKASYHDISTYS ja sen kotipaikka on Tuusulan kunta ja toiminta-alue on Mattilan alue. 2\u00a7 Yhdistyksen tarkoituksena on toimia Mattilan alueen etujen ja kehityksen ajajana sek\u00e4 pyrki\u00e4 lis\u00e4\u00e4m\u00e4\u00e4n asukkaiden keskin\u00e4ist\u00e4 kanssak\u00e4ymist\u00e4 ja virkist\u00e4ytymist\u00e4 j\u00e4rjest\u00e4m\u00e4ll\u00e4 yhteisi\u00e4 kokouksia, tiedotus- ja valistustilaisuuksia, talkoita, juhlia ja retki\u00e4. Toimintansa tukemiseksi yhdistys voi:&#8211; kantaa j\u00e4senmaksuja&#8211; harjoittaa julkaisutoimintaa&#8211; [&hellip;]<\/p>\n","protected":false},"author":2,"featured_media":0,"parent":0,"menu_order":0,"comment_status":"closed","ping_status":"closed","template":"","meta":{"footnotes":""},"class_list":["post-70","page","type-page","status-publish","hentry"],"_links":{"self":[{"href":"https:\/\/meidanmattila.fi\/index.php\/wp-json\/wp\/v2\/pages\/70","targetHints":{"allow":["GET"]}}],"collection":[{"href":"https:\/\/meidanmattila.fi\/index.php\/wp-json\/wp\/v2\/pages"}],"about":[{"href":"https:\/\/meidanmattila.fi\/index.php\/wp-json\/wp\/v2\/types\/page"}],"author":[{"embeddable":true,"href":"https:\/\/meidanmattila.fi\/index.php\/wp-json\/wp\/v2\/users\/2"}],"replies":[{"embeddable":true,"href":"https:\/\/meidanmattila.fi\/index.php\/wp-json\/wp\/v2\/comments?post=70"}],"version-history":[{"count":5,"href":"https:\/\/meidanmattila.fi\/index.php\/wp-json\/wp\/v2\/pages\/70\/revisions"}],"predecessor-version":[{"id":77,"href":"https:\/\/meidanmattila.fi\/index.php\/wp-json\/wp\/v2\/pages\/70\/revisions\/77"}],"wp:attachment":[{"href":"https:\/\/meidanmattila.fi\/index.php\/wp-json\/wp\/v2\/media?parent=70"}],"curies":[{"name":"wp","href":"https:\/\/api.w.org\/{rel}","templated":true}]}}